{"id":5,"date":"2018-10-18T21:01:02","date_gmt":"2018-10-18T21:01:02","guid":{"rendered":"http:\/\/reformaskd.com\/?page_id=5"},"modified":"2018-11-14T15:58:35","modified_gmt":"2018-11-14T15:58:35","slug":"materialis","status":"publish","type":"page","link":"https:\/\/reformaskd.com\/","title":{"rendered":"Front Page"},"content":{"rendered":"<div  id=\"features-2\" style=\"background-color: #ffffff;\" data-label=\"Features\" data-id=\"features-10-materialis\" data-export-id=\"features-10-materialis\" data-category=\"features\" class=\"features-10m content-section-spacing-large content-section\">\n<div  class=\"gridContainer\">\n<div  class=\"row\">\n<div  class=\"section-title-col\" data-type=\"column\">\n<h2  class=\"\">Nuestros Proyectos<\/h2>\n<p  class=\"\">Somos especialistas en:<\/p>\n\n<\/div>\n<\/div>\n<div  class=\"row \">\n<div  class=\"col-md-10 col-md-offset-1 \">\n<div  class=\"row space-top spaced-cols content-center-sm\" data-type=\"row\">\n<div  class=\"col-sm-6 col-sm-offset-0 col-xs-10 col-xs-offset-1 col-md-3 \">\n<div  class=\"card no-radius mdc-elevation--z1 y-move bg-color-white padding-24 bordered\" data-type=\"column\"><a  href=\"http:\/\/reformaskd.com?page_id=13\" class=\"\" target=\"_self\">\n<i  class=\"mdi icon big round reverse color1 mdi-database\"><\/i><\/a>\n<h6  class=\"\">Cocinas<\/h6>\n<\/div>\n<\/div>\n<div  class=\"col-sm-6 col-sm-offset-0 col-xs-10 col-xs-offset-1 col-md-3 \">\n<div  class=\"card no-radius mdc-elevation--z1 y-move bg-color-white padding-24 bordered\" data-type=\"column\"><a  href=\"http:\/\/reformaskd.com?page_id=47\" class=\"\" target=\"_self\">\n<i  class=\"mdi icon big round reverse color1 mdi-database\"><\/i>\n<\/a>\n<h6  class=\"\">Ba\u00f1os<\/h6>\n<\/div>\n<\/div>\n<div  class=\"col-sm-6 col-sm-offset-0 col-xs-10 col-xs-offset-1 col-md-3\">\n<div  class=\"card no-radius mdc-elevation--z1 y-move bg-color-white padding-24 bordered\" data-type=\"column\"><a  href=\"http:\/\/reformaskd.com?page_id=50\" class=\"\" target=\"_self\">\n<i  class=\"mdi icon big round reverse color1 mdi-database\"><\/i><\/a>\n<h6  class=\"\">Viviendas<\/h6>\n<\/div>\n<\/div>\n<div  class=\"col-sm-6 col-sm-offset-0 col-xs-10 col-xs-offset-1 col-md-3\">\n<div  class=\"card no-radius mdc-elevation--z1 y-move bg-color-white padding-24 bordered\" data-type=\"column\"><a  href=\"http:\/\/reformaskd.com?page_id=49\" class=\"\" target=\"_self\">\n<i  class=\"mdi icon big round reverse color1 mdi-database\"><\/i><\/a>\n<h6  class=\"\">Comunidades<\/h6>\n<\/div>\n<\/div>\n<\/div>\n<\/div>\n<\/div>\n<\/div>\n<\/div><div  id=\"content-25\" style=\"background-color: #ffffff;\" data-label=\"Content\" data-id=\"content-8-materialis\" data-export-id=\"content-8-materialis\" data-category=\"content\" class=\"content-8m content-section-spacing-large content-section\">\n<div  class=\"gridContainer\">\n<div  class=\"row middle-sm\">\n<div  class=\"col-md-5 col-xs-12 col-sm-6 space-bottom-xs\" data-type=\"column\">\n<h6  class=\"upper\"><\/h6>\n<h3  class=\"\">Nuestra Historia<\/h3>\n<p  class=\"space-top\">Fundada en el a\u00f1o 1997, la empresa Kitchen Decor contin\u00faa con la saga de empresas dedicadas al mundo de la reforma y carpinter\u00eda con distintas denominaciones comerciales sitas en el mismo local comercial de la Calle Pl\u00e1tanos 38 desde hace m\u00e1s de 40 a\u00f1os.<\/p>\n&nbsp;\n\n<\/div>\n<div  class=\"col-md-6 col-md-offset-1 col-xs-12 col-sm-6\"><img decoding=\"async\"  class=\"mdc-elevation--z9 rounded\" src=\"http:\/\/reformaskd.com\/wp-content\/plugins\/materialis-companion\/theme-data\/materialis\/sections\/images\/image-4.jpg\"><\/div>\n<\/div>\n<\/div>\n<\/div><div  id=\"content-24\" style=\"background-color: #f5fafd;\" data-label=\"Content\" data-id=\"content-7-materialis\" data-export-id=\"content-7-materialis\" data-category=\"content\" class=\"content-7m content-section-spacing-large content-section\">\n<div  class=\"gridContainer\">\n<div  class=\"row middle-sm\">\n<div  class=\"col-md-6 col-xs-12 col-sm-6 col-padding-small-xs\"><img decoding=\"async\" loading=\"lazy\"  src=\"http:\/\/reformaskd.com\/wp-content\/uploads\/2018\/11\/20Abr11-Ba\u00f1os-y-escalera-de-Lalo-Godella-23-300x225.jpg\" alt=\"\" class=\"wp-image-197 alignright\" width=\"407\" height=\"305\" srcset=\"http:\/\/reformaskd.com\/wp-content\/uploads\/2018\/11\/20Abr11-Ba\u00f1os-y-escalera-de-Lalo-Godella-23-300x225.jpg 300w, http:\/\/reformaskd.com\/wp-content\/uploads\/2018\/11\/20Abr11-Ba\u00f1os-y-escalera-de-Lalo-Godella-23-768x576.jpg 768w, http:\/\/reformaskd.com\/wp-content\/uploads\/2018\/11\/20Abr11-Ba\u00f1os-y-escalera-de-Lalo-Godella-23-1024x768.jpg 1024w, http:\/\/reformaskd.com\/wp-content\/uploads\/2018\/11\/20Abr11-Ba\u00f1os-y-escalera-de-Lalo-Godella-23-1232x924.jpg 1232w, http:\/\/reformaskd.com\/wp-content\/uploads\/2018\/11\/20Abr11-Ba\u00f1os-y-escalera-de-Lalo-Godella-23-1440x1080.jpg 1440w\" sizes=\"(max-width: 407px) 100vw, 407px\"><\/div>\n<div  class=\"col-md-5 col-md-offset-1 col-xs-12 col-sm-6 content-left-sm col-padding-small-xs\" data-type=\"column\">\n<p  class=\"space-top\">En concreto <span  style=\"color: #0000ff;\"><strong >REFORMASKD <\/strong><\/span>se dedica desde sus inicios a ofrecer un servicio integral tanto en el mobiliario de cocina y ba\u00f1o as\u00ed como en todo tipo de reformas. La empresa dispone de un excelente servicio de carpinteros, alba\u00f1iles, fontaneros, electricistas, tallistas, marmolistas, etc \u2026, todo ello para garantizar una adecuada satisfacci\u00f3n del cliente. As\u00ed mismo, la empresa ha sabido rodearse de los mejores proveedores de los productos asociados a la cocina y al ba\u00f1o con las mejores calidades-precios que se puedan encontrar en el mercado.<\/p>\n&nbsp;\n\n<\/div>\n<\/div>\n<\/div>\n<\/div><div  id=\"about-6\" style=\"background-color: #f5fafd;\" data-label=\"About\" data-id=\"about-4\" data-export-id=\"about-4\" data-category=\"about\" class=\"about-4 content-section content-section-spacing-large\">\n<div  class=\"gridContainer\">\n<div  class=\"row middle-sm text-center\">\n<div  class=\"col-sm-5 space-bottom-xs\" data-type=\"column\">\n<h5  class=\"\">La Empresa<\/h5>\n<h2  class=\"\"><\/h2>\n<p  class=\"\">La empresa dispone de una amplia exposici\u00f3n que se puede visitar libremente, donde su personal de contrastada cualificaci\u00f3n atender\u00e1 gustosamente a cualquier cliente y le asesorar\u00e1 tanto en la elecci\u00f3n de materiales, electrodom\u00e9sticos y dem\u00e1s complementos de una manera profesional.<\/p>\nKitchen Decor, al ser la comercial de venta directa al p\u00fablico de mobiliario de cocina y otros complementos, les permite un acceso a f\u00e1brica que no es posible en un comercio sin fabricaci\u00f3n propia, ofreci\u00e9ndole al cliente unas ventajas evidentes, como la econ\u00f3mica, la fabricaci\u00f3n de muebles especiales, etc.\n\n<\/div>\n<div  class=\"col-sm-7 flexbox center-xs middle-xs image-group-2-img padding-top-bottom\"><img decoding=\"async\"  class=\"img-1 rounded mdc-elevation--z10\" data-size=\"250x200\" src=\"http:\/\/reformaskd.com\/wp-content\/plugins\/materialis-companion\/theme-data\/materialis\/sections\/images\/apple-1838564.jpg\"> <img decoding=\"async\"  class=\"img-2 rounded mdc-elevation--z10\" data-size=\"220x170\" src=\"http:\/\/reformaskd.com\/wp-content\/plugins\/materialis-companion\/theme-data\/materialis\/sections\/images\/computer-2569652.jpg\"><\/div>\n<\/div>\n<\/div>\n<\/div><div  id=\"overlappable-8\" style=\"background-color: #f5fafd;\" data-label=\"Overlappable\" data-id=\"overlappable-5-materialis\" data-export-id=\"overlappable-5-materialis\" data-category=\"overlappable\" class=\"overlappable-5-materialis content-section content-section-spacing-large\" data-overlap=\"true\">\n<div  class=\"gridContainer\">\n<div  data-type=\"row\" class=\"row spaced-cols \">\n<div  class=\"col-sm-6 col-md-4 \">\n<div  class=\"card mdc-elevation--z3 row-card\">\n<div  class=\"row\">\n<div  class=\"col-sm-fit icon-col\" style=\"text-align: center;\"><i  class=\"color1 icon mdi mdi-vector-square reverse round big\"><\/i><\/div>\n<div  class=\"col-sm\" data-type=\"column\">\n<h4  class=\"color-black\" style=\"text-align: center;\">Mision<\/h4>\n<p  class=\"\" style=\"text-align: center;\">Convertir en realidad las necesidades de mejora o reforma del hogar de nuestros clientes con la m\u00e1xima calidad y adapt\u00e1ndose al presupuesto particular de cada caso.<\/p>\n\n<\/div>\n<\/div>\n<\/div>\n<\/div>\n<\/div>\n<\/div>\n<\/div>","protected":false},"excerpt":{"rendered":"<p>Nuestros Proyectos Somos especialistas en: Cocinas Ba\u00f1os Viviendas Comunidades Nuestra Historia Fundada en el a\u00f1o 1997, la empresa Kitchen Decor contin\u00faa con la saga de empresas dedicadas al mundo de la reforma y carpinter\u00eda con distintas denominaciones comerciales sitas en el mismo local comercial de la Calle Pl\u00e1tanos 38 desde hace m\u00e1s de 40 a\u00f1os.&nbsp;&hellip;<\/p>\n","protected":false},"author":1,"featured_media":0,"parent":0,"menu_order":0,"comment_status":"closed","ping_status":"closed","template":"page-templates\/homepage.php","meta":[],"_links":{"self":[{"href":"https:\/\/reformaskd.com\/index.php?rest_route=\/wp\/v2\/pages\/5"}],"collection":[{"href":"https:\/\/reformaskd.com\/index.php?rest_route=\/wp\/v2\/pages"}],"about":[{"href":"https:\/\/reformaskd.com\/index.php?rest_route=\/wp\/v2\/types\/page"}],"author":[{"embeddable":true,"href":"https:\/\/reformaskd.com\/index.php?rest_route=\/wp\/v2\/users\/1"}],"replies":[{"embeddable":true,"href":"https:\/\/reformaskd.com\/index.php?rest_route=%2Fwp%2Fv2%2Fcomments&post=5"}],"version-history":[{"count":11,"href":"https:\/\/reformaskd.com\/index.php?rest_route=\/wp\/v2\/pages\/5\/revisions"}],"predecessor-version":[{"id":243,"href":"https:\/\/reformaskd.com\/index.php?rest_route=\/wp\/v2\/pages\/5\/revisions\/243"}],"wp:attachment":[{"href":"https:\/\/reformaskd.com\/index.php?rest_route=%2Fwp%2Fv2%2Fmedia&parent=5"}],"curies":[{"name":"wp","href":"https:\/\/api.w.org\/{rel}","templated":true}]}}